composite?
False
Is 74569 composite?
True
Is 9033 composite?
True
Is 37423 prime?
True
Is 98057 composite?
False
Is 2023355 a composite number?
True
Is 27095 prime?
False
Is 155887 prime?
True
Is 211747 a prime number?
True
Is 1921 a prime number?
False
Is 1543 composite?
False
Is 4452095 a composite number?
True
Is 1106663 prime?
False
Is 102047 prime?
False
Is 10661 prime?
False
Is 154667 a prime number?
True
Is 1004902 a composite number?
True
Is 4783 a prime number?
True
Is 16871 a composite number?
False
Is 23637 a prime number?
False
Is 41399 a prime number?
True
Is 2326553 composite?
False
Is 11963 composite?
True
Is 460673 composite?
False
Is 19661 composite?
False
Is 14051 composite?
False
Is 19613 a composite number?
True
Is 14111 prime?
False
Is 47087 composite?
False
Is 219 composite?
True
Is 1737577 a composite number?
True
Is 8453 composite?
True
Is 270539 a composite number?
False
Is 103855 composite?
True
Is 130003 prime?
True
Is 395443 prime?
True
Is 3103 composite?
True
Is 63947 composite?
True
Is 164383 a prime number?
False
Is 239617 composite?
True
Is 109 composite?
False
Is 2839 composite?
True
Is 113929 a prime number?
False
Is 14047 prime?
False
Is 146203 a prime number?
True
Is 7393 prime?
True
Is 215281 a composite number?
True
Is 5701 composite?
False
Is 1535 composite?
True
Is 27179 a composite number?
False
Is 3437597 a prime number?
True
Is 30353 prime?
False
Is 91493 a prime number?
True
Is 518361 composite?
True
Is 4169 a composite number?
True
Is 5561 a composite number?
True
Is 2081 composite?
False
Is 2100743 a composite number?
False
Is 1987 a composite number?
False
Is 43207 a composite number?
False
Is 34423 prime?
False
Is 93307 prime?
True
Is 9382 composite?
True
Is 23531 a composite number?
False
Is 30757 composite?
False
Is 19241 a composite number?
True
Is 58219 composite?
True
Is 7151 composite?
False
Is 8143 a prime number?
False
Is 22179 prime?
False
Is 92969 prime?
False
Is 1228091 prime?
True
Is 4321 a prime number?
False
Is 2899 composite?
True
Is 58946 prime?
False
Is 97103 prime?
True
Is 3365 composite?
True
Is 173699 a prime number?
True
Is 17059 prime?
False
Is 118421 composite?
True
Is 1612007 composite?
False
Is 32521 composite?
True
Is 508281 composite?
True
Is 19661 a composite number?
False
Is 3629 prime?
False
Is 36647 composite?
True
Is 114693 composite?
True
Is 69119 prime?
True
Is 2707 a prime number?
True
Is 84347 composite?
False
Is 200815 a composite number?
True
Is 304607 a composite number?
True
Is 5147 prime?
True
Is 1259 a prime number?
True
Is 50097 composite?
True
Is 21427 a composite number?
True
Is 4900783 prime?
True
Is 11303 composite?
True
Is 3133 prime?
False
Is 156671 a prime number?
True
Is 44929 a prime number?
False
Is 353579 composite?
True
Is 281077 a composite number?
True
Is 541049 prime?
True
Is 18007 prime?
False
Is 26711 a composite number?
False
Is 38543 a composite number?
False
Is 15501 composite?
True
Is 1657 composite?
False
Is 144659 a prime number?
True
Is 30241 a prime number?
True
Is 8223 a prime number?
False
Is 10541 a composite number?
True
Is 58477 a prime number?
True
Is 808627 a prime number?
True
Is 6385 prime?
False
Is 414157 a composite number?
False
Is 7655 a prime number?
False
Is 5357 a prime number?
False
Is 7751 composite?
True
Is 3377069 prime?
True
Is 51503 a composite number?
False
Is 1541887 a composite number?
True
Is 682547 prime?
True
Is 1991914 a composite number?
True
Is 7327 composite?
True
Is 38543 composite?
False
Is 13093 prime?
True
Is 349433 a composite number?
True
Is 187 a prime number?
False
Is 21737 a prime number?
True
Is 23605 a composite number?
True
Is 143711 prime?
True
Is 55103 a prime number?
True
Is 41486 prime?
False
Is 263561 prime?
True
Is 3899863 composite?
True
Is 8039 composite?
False
Is 3637 composite?
False
Is 16823 a composite number?
False
Is 6379 composite?
False
Is 15997 composite?
True
Is 34801 a composite number?
True
Is 462607 prime?
True
Is 27733 prime?
True
Is 96881 composite?
True
Is 2531 prime?
True
Is 5213 prime?
False
Is 40571 a composite number?
True
Is 104359 prime?
False
Is 1639 a prime number?
False
Is 5167 composite?
False
Is 377 prime?
False
Is 22121 prime?
False
Is 229343 a composite number?
False
Is 36187 a prime number?
True
Is 605257 prime?
True
Is 159979 a composite number?
False
Is 34351 prime?
True
Is 179833 prime?
True
Is 2475331 a composite number?
False
Is 22229 a prime number?
True
Is 26237 a composite number?
False
Is 14449 a composite number?
False
Is 122 composite?
True
Is 7499 composite?
False
Is 202838 a composite number?
True
Is 2693927 prime?
True
Is 37159 prime?
True
Is 6245 a prime number?
False
Is 5147 composite?
False
Is 5036015 a composite number?
True
Is 16183 a prime number?
True
Is 3457 a prime number?
True
Is 102059 composite?
False
Is 20789 a prime number?
True
Is 13873 prime?
True
Is 1979 a composite number?
False
Is 16051 composite?
True
Is 780205 a prime number?
False
Is 3103 a composite number?
True
Is 1430749 a composite number?
False
Is 614231 a prime number?
False
Is 1523 prime?
True
Is 623717 a prime number?
True
Is 30377 a prime number?
False
Is 81811 a composite number?
True
Is 116351 a prime number?
True
Is 6143 composite?
False
Is 382519 a prime number?
True
Is 177113 a composite number?
False
Is 9518 a composite number?
True
Is 149461 a composite number?
True
Is 23531 a composite number?
False
Is 119921 a composite number?
False
Is 161513 prime?
False
Is 2129 prime?
True
Is 61991 a prime number?
True
Is 15893 a composite number?
True
Is 25111 a composite number?
False
Is 513431 a prime number?
True
Is 545995 a prime number?
False
Is 195571 a prime number?
False
Is 1211 a composite number?
True
Is 439643 composite?
True
Is 66449 composite?
False
Is 569657 prime?
False
Is 781681 composite?
False
Is 7001 a composite number?
False
Is 32127 composite?
True
Is 27017 composite?
False
Is 1559797 a prime number?
True
Is 1495157 a composite number?
False
Is 40093 a prime number?
True
Is 1673 a composite number?
True
Is 59883 a composite number?
True
Is 3907 prime?
True
Is 4357 composite?
False
Is 87359 composite?
False
Is 11959 a composite number?
False
Is 189866 composite?
True
Is 7603 a prime number?
True
Is 3607 a prime number?
True
Is 233743 prime?
True
Is 30397 a prime number?
False
Is 3551 composite?
True
Is 149983 a prime number?
False
Is 23053 a composite number?
False
Is 1857253 composite?
True
Is 8915 prime?
False
Is 230819 a composite number?
False
Is 177787 a prime number?
True
Is 9511 composite?
False
Is 23809 prime?
False
Is 418667 a composite number?
False
Is 23099 a composite number?
False
Is 258229 composite?
True
Is 782141 a composite number?
False
Is 233 a prime number?
True
Is 7841 prime?
True
Is 94321 a prime number?
True
Is 106 composite?
True
Is 11099 a prime number?
False
Is 865609 a composite number?
False
Is 768979 composite?
False
Is 30131 prime?
False
Is 1751 composite?
True
Is 169817 a composite number?
False
Is 52907 a prime number?
False
Is 114407 composite?
False
Is 407507 a composite number?
True
Is 1119137 a prime number?
False
Is 614 prime?
False
Is 580471 a composite number?
False
Is 2897887 a prime number?
True
Is 403433 a prime number?
True
Is 31643 a composite number?
False
Is 359539 prime?
True
Is 303997 a prime number?
True
Is 1095331 composite?
True
Is 1483379 composite?
True
Is 972787 a prime number?
True
Is 173603 prime?
False
Is 68566 a prime number?
False
Is 42611 a composite number?
False
Is 185 a composite number?
True
Is 9299 a prime number?
False
Is 9479 composite?
False
Is 96377 prime?
True
Is 2125327 a composite number?
False
Is 191707 a prime number?
True
Is 204653 a composite number?
True
Is 276137 composite?
False
Is 6941 prime?
False
Is 38017 composite?
True
Is 60833 a composite number?
True
Is 200137 prime?
False
Is 13501 composite?
True
Is 8623 prime?
True
Is 1944655 composite?
True
Is 8039 a composite number?
False
Is 1324697 a prime number?
False
Is 160726 composite?
True
Is 518659 a composite number?
True
Is 2973 prime?
False
Is 1434439 composite?
False
Is 53255 a prime number?
False
Is 2167 composite?
True
Is 119429 prime?
True
Is 92033 a composite number?
False
Is 22339 a composite nu